(-2) is divided by i?
14
Suppose 0 = 4*k - 45 - 23. Let j(m) be the third derivative of -m**5/30 + 13*m**4/12 - 7*m**3/3 + 14*m**2. Calculate the remainder when k is divided by j(12).
7
Let a(h) = 2*h**3 - 27*h**2 - 19*h + 83. What is the remainder when 765 is divided by a(14)?
11
Let b = -116 - -124. Calculate the remainder when 14 is divided by b.
6
What is the remainder when 861/21*(-2 - -6) is divided by 88?
76
Let w be 2 + (-3)/(-1) + -2. Let v = 52 - 23. Suppose 5*i - w*g = -g + v, -2*i - 5*g = 0. Calculate the remainder when 13 is divided by i.
3
Let z(q) = -q. Let c(j) = 8*j - 8. Let o(v) = c(v) + 5*z(v). What is the remainder when 410/4*(-26)/(-65) is divided by o(10)?
19
Let k(u) be the first derivative of -u**3/3 + 17*u**2/2 - 5*u + 11. What is the remainder when 72 is divided by k(14)?
35
Suppose -n - n = 3*m - 76, 98 = 4*m + 2*n. Suppose m*w = 4*w + 1566. What is the remainder when w is divided by 18?
15
Let u = -25031 + 25070. Suppose j - 33 = -2*j. Calculate the remainder when u is divided by j.
6
Calculate the remainder when 64 is divided by 1/((-86)/(-28) + -3).
8
Suppose -50 - 27 = -y. Suppose -11 = -11*p + y. Suppose 5*j - 6 - 24 = 0. Calculate the remainder when p is divided by j.
2
Suppose 8*t + 4*n = 3*t + 76, -4*t = 4*n - 64. Calculate the remainder when 299 is divided by t.
11
Let a(s) = 43*s - 4. Calculate the remainder when a(2) is divided by 5.
2
Suppose -2*k + 2*k - 160 = -10*k. Suppose -2*b + 0*b + 14 = 0. What is the remainder when k is divided by b?
2
Let o(c) be the second derivative of 29*c**4/12 + c**3/6 + c**2/2 + 4*c. Calculate the remainder when 115 is divided by o(-1).
28
Let x(j) = j + 1. Calculate the remainder when (((-108)/(-24))/(-9))/((-1)/16) is divided by x(6).
1
Let z(w) = -13*w**3 + w**2 + 3*w + 1. Calculate the remainder when -2*(-4)/(-8)*-44 is divided by z(-1).
8
Let z = -93 + 189. Suppose 8 = -4*t + z. Calculate the remainder when t is divided by 4 - (-1 + -1)/1.
4
Suppose -827*z = -818*z - 522. Suppose -j + 1 = -19. What is the remainder when z is divided by j?
18
Suppose 4*b - 5*p = 51, 0 = 3*b - 2*b + 4*p - 39. Suppose 2 = -5*k + 12. Suppose -46 + 156 = k*i. Calculate the remainder when i is divided by b.
17
Let x(t) = -2*t**3 + 24*t**2 + t - 6. What is the remainder when 214 is divided by x(12)?
4
Let s(q) = -q**3 - q**2 - q + 4. Let r be s(0). Let u(x) = 5*x - 2. Let n = -491 - -524. Calculate the remainder when n is divided by u(r).
15
Let p(c) = 4*c + 10. Let d be 6/(-9) - 28/(-6). Let x be (-56)/(-20)*10/d. Calculate the remainder when p(x) is divided by 10.
8
Calculate the remainder when 1*69 - (1 - 1) is divided by 602/25 - 286/3575.
21
Suppose 5*m - 27 = 4*m - 3*w, w + 81 = 3*m. Calculate the remainder when m is divided by 3.
0
Suppose -34*c - 2*c = -6192. What is the remainder when c is divided by 54?
10
Calculate the remainder when -1 + 79 - ((-3 - -2) + 6) is divided by 52.
21
Suppose -2*s = 3*s - 30. Suppose -14 = -a - s*a. What is the remainder when 2/8 - 35/(-4) is divided by a?
1
Suppose -12 = -15*m + 19*m. Calculate the remainder when 48 is divided by (-44)/(-6) + (-2)/m + -1.
6
Suppose -4*k + 0*k + 24 = 0. Suppose 4*p = k*p - 2548. Calculate the remainder when 6/27 + p/18 is divided by 9.
8
Let a be 180*9/(-16)*-4. Let g = -214 + a. Calculate the remainder when g is divided by 12.
11
Suppose 216 - 1168 = -8*o. Calculate the remainder when o is divided by 12.
11
Let i = 502 - 473. What is the remainder when 50 is divided by i?
21
Let o(b) = b**2 - 11*b - 13. Suppose 0 = -23*l + 25*l - 100. Calculate the remainder when l is divided by o(13).
11
Let r(n) = n**3 - 2*n**2 + 6*n - 5. Let h be r(3). Suppose -3*a + 17 = -h. What is the remainder when 63 is divided by a?
11
Let j = -9995 + 10101. What is the remainder when j is divided by (-16 - 2)*3/(-2)?
25
Let j(f) = -f**3 - 2*f**2 - 2*f + 26. What is the remainder when 181 is divided by j(0)?
25
Calculate the remainder when 2/(-3) - (-272)/3 is divided by 24.
18
Let j(w) = 4*w**2 - 3*w - 3. Let q be j(-2). Let f = q + -21. What is the remainder when 47 is divided by (24/(-28))/(f/28)?
11
Let x(y) = y**2 - 4*y. Calculate the remainder when x(-8) is divided by 33.
30
Suppose p - 252 = -17*p. Calculate the remainder when 120 is divided by p.
8
Let j be (14/1)/(3/3). Suppose 13*y + 7 - 59 = 0. Let q = y + j. Calculate the remainder when q is divided by 10.
8
Suppose -2*c + 3*m = 5*m + 106, 2*c + 5*m + 103 = 0. Let v = -40 - c. What is the remainder when v is divided by 4?
2
Let z(t) = 3*t**3 - 14*t**2 + 12*t + 15. What is the remainder when z(5) is divided by 89?
11
Let r(f) = -f. Let a be r(-5). Suppose -3*d - k + 3 = -6, -a*d - k = -17. Let j(i) = i**2 + i - 37. What is the remainder when j(-8) is divided by d?
3
Suppose -4*s = u - 4, 3*s - 9 = u - 27. What is the remainder when 40 is divided by u?
4
Let w(x) = -3*x - 4*x - 7*x - 1. Calculate the remainder when w(-1) is divided by 5.
3
What is the remainder when 2910/120 - ((-7)/(-4))/7 is divided by 14?
10
Let d(y) = -y**3 + 18*y + 17. What is the remainder when 675 is divided by d(-5)?
51
Let m = -988 - -1045. What is the remainder when 387 is divided by m?
45
Suppose 0 = -62*j + 55*j + 483. Calculate the remainder when j is divided by 19.
12
Suppose 2*m + n - 102 = 0, -2*m + 58 = -m + 4*n. Let k be 10 + -10 + (-231)/3. Calculate the remainder when m is divided by 4/(-22) + (-1323)/k.
16
Suppose 95 - 191 = -2*b. What is the remainder when b is divided by 36?
12
Let z(y) = 6*y**2 - 14*y - 10. What is the remainder when z(6) is divided by 62?
60
Suppose -g + 1 = -72. Suppose -47 = -4*j + g. Suppose j = 4*p + s, -5*p + 28 = 4*s - 4. Calculate the remainder when p is divided by 3.
2
Let y(g) = 3*g - 7. Let s(l) = l - 10. Let o be s(6). Let z be o/(-14) + 198/42. Calculate the remainder when y(z) is divided by 6.
2
Suppose -5*f = -3*f - 32. Let w = 37 + f. Calculate the remainder when w is divided by 27.
26
Let z = -11 + 32. Suppose -20 = -6*t + t. Calculate the remainder when z is divided by 10 + 1/4*t.
10
Let n(u) = -u + 6. Suppose 3*b = 2*j + 17, -32 = 5*j + 4*b - b. What is the remainder when 50 is divided by n(j)?
11
Calculate the remainder when (30/20 + -2)/((-2)/456) is divided by 20.
14
Suppose -5*r + 4*v = -674, -4*r - 2*v + 418 = -116. What is the remainder when r is divided by 46?
42
Suppose 6*u - 9*u = -12. Suppose -u = -2*w + 16. Suppose 5*v = t - 14, -4*v + 115 = 4*t + 35. Calculate the remainder when t is divided by w.
9
Suppose -p - 5*q + 51 = -50, 2 = q. What is the remainder when p is divided by 20?
11
Suppose -2*n - 2*k = -10, -5*n + 2*k = -2*k + 2. Suppose -n*b + 71 = 5*x - b, -3*x + b = -41. Calculate the remainder when 55 is divided by x.
13
Suppose -h + 5*a = -17 + 15, h - 5 = 4*a. Calculate the remainder when h is divided by 10.
7
Suppose 0 = -3*t - 0 - 3. Let a = 2 - t. Let d = -14 + 19. What is the remainder when d is divided by a?
2
Let a(g) = g**2 + 8*g - 11. Suppose 4*y + 96 - 244 = 0. Calculate the remainder when a(6) is divided by y.
36
Let y(h) = -h**3 - 2*h**2 - 4. Let r = 322 - 306. Calculate the remainder when r is divided by y(-3).
1
Suppose -o - 24 = 37. Let c = o - -73. What is the remainder when (6/(-8))/(1/(-28)) is divided by c?
9
Suppose -1090 = 7*i - 271. Let v = 120 + i. Calculate the remainder when 3 is divided by v.
0
Let b(v) = v**2 + 5*v + 3. Let d = -23 - 19. Let u = d - -50. Calculate the remainder when u is divided by b(-5).
2
Let l be ((-2)/6 - (-13)/(-6))*2. Suppose -25 = -5*x, -2*j + 3*x - x = -154. What is the remainder when j is divided by (l - 135/(-7)) + (-2)/7?
12
What is the remainder when 284 is divided by (-7 - -5)/(12/(-342))?
56
What is the remainder when 65 is divided by (133 - 135)*((4 - 2) + -3)?
1
Suppose 3*u = -1 - 5. Let h be u + -1 + (-14)/(-2). Suppose i - 35 = h*s, -3*i + 67 = -4*s - 30. What is the remainder when 91 is divided by i?
29
What is the remainder when 414 is divided by (-244)/30 + (-32)/(-240) + 29?
15
Suppose 3*m - 269 = 1351. What is the remainder when m is divided by 68?
64
Suppose -2*p = -5*p + 192. Let t(q) = -q + 10. Let f be t(7). Suppose -2*c + 110 = f*c. What is the remainder when p is divided by c?
20
Let v(m) = -3*m + 19. Let w be v(9). What is the remainder when (11 + -7)*(0 - w) is